Suppose -3*k = -p*k + 105. List the prime factors of k.
5, 7
Let y = -1071 - -3040. List the prime factors of y.
11, 179
Suppose -s + 1096 = 3*r, 2*r + 1942 = 3*s - 1324. What are the prime factors of s?
2, 5, 109
Let g(t) = -t**3 - 9*t**2 + 16*t - 81. List the prime factors of g(-15).
3, 7
Let y = 788 + 140. List the prime factors of y.
2, 29
Let r = -1 - 6. Let k(c) = -c**3 + c**2 - c - 198. Let a be k(0). What are the prime factors of 2/r - a/7?
2, 7
Let v(j) = j**2 - 4*j + 4. Let q be v(4). What are the prime factors of (27 - (q + -1))/2?
2, 3
Let z = -914 + 350. Let h = -327 - z. Suppose 6*d - 39 = h. List the prime factors of d.
2, 23
Let l be 1*0/((-12)/(-4 - -8)). Suppose l = -0*n - 2*n + 204. What are the prime factors of n?
2, 3, 17
Let q(d) = -239*d**3 - 2*d**2 + d. What are the prime factors of q(-2)?
2, 3, 317
Suppose 346 + 12 = s. Let z = 626 - s. List the prime factors of 10/50 + z/10.
3
Suppose -2*u = 4*x - 0*u - 2372, u + 1194 = 2*x. What are the prime factors of x?
5, 7, 17
Let z be 0 - (-2 + (-1)/(-1)). What are the prime factors of ((-10)/z)/(48/(-72))?
3, 5
Suppose -5*z - 112 = -6*z. Suppose 5*w - z = 28. What are the prime factors of (30/7)/(4/w)?
2, 3, 5
Let x(b) = b**2 - 3*b - 4. Let n be (-6)/(-16) + 348/96. Let k be x(n). Suppose 4*r + 20 = k, p - 30 - 25 = -2*r. What are the prime factors of p?
5, 13
What are the prime factors of (0 - 1)*(-2)/(22/4609)?
419
Suppose -5*r - 144 = -2*r. What are the prime factors of (-996)/r - 2/(-8)?
3, 7
Let z(r) = r**3 + 3*r**2 + 4*r + 13. Let d be z(-3). Let b(k) = 216*k**3 - k. List the prime factors of b(d).
5, 43
Suppose 0 = 22*z - 0*z - 36894. What are the prime factors of z?
3, 13, 43
What are the prime factors of (8/(-5))/(21/(-5880))?
2, 7
What are the prime factors of 83040/35 - (-48)/(-84)?
2, 593
Let s(r) = -14*r**3 + r - 3. Let x be s(2). Let t = x - -657. What are the prime factors of (t/20)/(6/15)?
2, 17
Let i = -7 + 9. Suppose -i*r + p - 4 = -4*r, -2*r + 24 = -4*p. Suppose -3*u = l - 69, -r*u + 4*l + 57 = -51. List the prime factors of u.
2, 3
Let j(r) = 3*r + 5. Let k(n) = -n**3 + 12*n**2 - 21*n + 23. Let w be k(10). List the prime factors of j(w).
2, 11
What are the prime factors of 1 + (1362/(-10))/((-12)/60)?
2, 11, 31
Suppose -3*t + 5*q = -1377, -3*t + 2*q = -0*t - 1368. What are the prime factors of t?
2, 227
Let k = 969 + 1019. List the prime factors of k.
2, 7, 71
Suppose 3*b - 5*g - 18 = 7, 4*g + 20 = -2*b. Suppose -q - 4*p + 33 = b, 0 = q + q - 3*p - 66. Let i = 60 - q. What are the prime factors of i?
3
Let j be (-12)/(-10)*45/(-18). Let q(r) = 7*r**3 + 4*r**2 + 4*r. Let s be q(j). What are the prime factors of 2/(5/(s/(-6)))?
11
Suppose -2*l + 410 = -5*k, 4*k + 0*k + l + 328 = 0. Let a = -1 - 55. Let c = a - k. What are the prime factors of c?
2, 13
Let i(b) = -9*b + 9. Suppose 42 = -9*w + 2*w. What are the prime factors of i(w)?
3, 7
Let u = -22 - -27. Suppose -6*r + 445 = -r + 5*w, -443 = -u*r - 4*w. List the prime factors of r.
3, 29
Let n be (-6)/(-10) - (-9)/(-15). Suppose z + n*x - x = 0, 5*z - 2*x - 9 = 0. Suppose -o + 10 = 3*i, -4*i + 22 = 3*o - z. What are the prime factors of o?
7
Let s be 1128/(-10) + (-2)/10. Let g be (-5)/15*141 - (-2)/(-2). Let i = g - s. What are the prime factors of i?
5, 13
Let z = 18 + -26. Let f(a) = a**3 + 9*a**2 + 3*a + 6. What are the prime factors of f(z)?
2, 23
Let t = 137 - 133. Let y(v) = -v**3 - v**2 - v + 22. Let i be y(0). Suppose -t*p + 178 = i. What are the prime factors of p?
3, 13
Let d = -48 - -179. Let p = d - 63. What are the prime factors of p?
2, 17
Let r(n) = -54*n + 10. Let v be r(-8). Suppose 4*l + 54 = v. Let w = l - 56. What are the prime factors of w?
41
Suppose 3*n + 4*a - 1214 = 0, a - 418 = -5*n + 1577. List the prime factors of n.
2, 199
Suppose 0 = -2*t + 6*t + 24. Let z(s) be the third derivative of -s**6/120 - s**5/12 + s**4/12 + 7*s**3/3 + 67*s**2. List the prime factors of z(t).
2, 19
Let f(x) = -4 + 24*x + 3 - 16 + 0. Let v be f(4). Suppose v = 2*n + y, 4*n + y = 60 + 99. List the prime factors of n.
2, 5
Let o(i) = -i**3 + 28*i**2 - 15*i - 146. What are the prime factors of o(25)?
2, 677
Suppose 3*k + 3 = -0*k. Let l(a) = 12*a**2. Let f be l(k). Suppose f = -0*w + w. What are the prime factors of w?
2, 3
Let l(y) = -y**3 - 4*y**2 + 32*y + 2. Let v be l(-8). Suppose 2*b = -4*z + 628, 0 = -3*z + 3*b + v*b + 484. What are the prime factors of z?
2, 79
Let q(a) = -22 + 45 + 7*a**2 - 32 - a**3 - 7*a. List the prime factors of q(5).
2, 3
Suppose 7*d - 2*d = 15. Let r(z) = 3*z**2 + 2*z - 4. List the prime factors of r(d).
29
Let j(s) = -s**2 - 11*s - 1. Let d be j(-5). Suppose 32 - 2 = -5*q. Let y = q + d. What are the prime factors of y?
23
Let s = -2 - -61. Let r = 82 - s. What are the prime factors of r?
23
What are the prime factors of 211 - (6/3 + 4)?
5, 41
Let v(h) = h**3 - 18*h**2 - 32*h - 8. Let o(w) = 2*w**2 - 5*w - 22. Let i be o(6). List the prime factors of v(i).
2, 19
List the prime factors of 1237 - -14 - 1/(1 - 0).
2, 5
Suppose -v = 5*d - 3*d + 3, 5*d = 5*v - 30. Suppose -8*z = -v*z - 280. What are the prime factors of z?
2, 7
Suppose 0 = k - 3*r - 308, -2*r - 1550 = -5*k + 3*r. List the prime factors of k.
311
Let m(a) = 0*a + 2*a + 2 + 2. Let n be m(-2). What are the prime factors of (n - 2) + (0 - -76)?
2, 37
Suppose 15*v = 30120 + 13755. List the prime factors of v.
3, 5, 13
Suppose -1 = -5*m + 4. Let o = m - -2. Suppose 0 = 2*f - 5*q - 35, o*q + 18 = 2*f - f. What are the prime factors of f?
3, 5
Let j(p) = p**3 + p**2 - 2. Let h be j(2). List the prime factors of ((-48)/h)/((-5)/50).
2, 3
Let q(g) = -15*g**3 + g**2 - 2*g + 2. Let i be q(-4). Suppose i = 13*p - 717. What are the prime factors of p?
131
Suppose -3*y + 0*y = -3. Let v = y + 5. What are the prime factors of 3/6 - (-201)/v?
2, 17
Suppose -35*m = -26*m - 1908. What are the prime factors of m?
2, 53
Suppose 15 = -5*s + 3*r, 2*r - 5 = -4*s + 5. Suppose -4*u - 2*i = s, u - i = -5*i. Suppose 4*n + 50 = 2*v, 5*n = -v - u*n + 60. What are the prime factors of v?
5, 7
Let y be 3/(1 - 4) - -1. Suppose -5*j = -3*h - 289, 0 = 2*j - y*j - 4*h - 124. Let k = -27 + j. List the prime factors of k.
29
Let p(x) be the second derivative of x**4/6 + 3*x**3/2 - 5*x**2/2 - 2*x. Let v = 88 - 96. What are the prime factors of p(v)?
3, 17
Suppose -1616 = -t + 2*y, -5*t - 15*y + 8040 = -17*y. What are the prime factors of t?
2, 11, 73
Suppose 7*l = 7306 + 4573. List the prime factors of l.
1697
Let u be 0/4 + 3 + -22. Let l = -26 - u. Let x = 10 + l. What are the prime factors of x?
3
Let k = 104 + -56. Suppose c + 0*c = k. List the prime factors of c*-1*(-2)/4.
2, 3
Suppose -52 = -m - 5*d, 2*m - 4*d - 96 = 36. Let k = 190 - m. What are the prime factors of k*(0 + 2/4)?
2
Let n = -10 - -11. Let y be (-3)/n*248/(-3). Suppose -5*a + 7 + y = 0. List the prime factors of a.
3, 17
Suppose 6*z - 18 = 48. Suppose -z*o + 10*o + 104 = 0. List the prime factors of o.
2, 13
Let y = 7 + -8. Let m(f) = -20*f + 7. Let o(a) = -10*a + 3. Let i(r) = -4*m(r) + 9*o(r). List the prime factors of i(y).
3
Suppose -51 = o + 2*o. Let c = 32 + o. What are the prime factors of c?
3, 5
Suppose -2*d = -8 - 16. Suppose 3*q = 8 - 2. Suppose d = l + q*l. List the prime factors of l.
2
Suppose 2*z - 2 = 2, -z + 7 = k. Let i(b) = 16*b - 7. List the prime factors of i(k).
73
Let n = 2 - -28. Let i = n + -25. Suppose -i*m = 3*m - 360. List the prime factors of m.
3, 5
Suppose -4 = 5*v - 9. Let g be (-14)/(v*(-1 + 2)). Let j = g - -18. List the prime factors of j.
2
Suppose 3*p = -5*o + 499, -5*o + 15 = 5. Let g = p - 39. What are the prime factors of g?
2, 31
Let q(t) = t**2 - 2. Let n be q(-2). Suppose 21 + 151 = n*p. What are the prime factors of p?
2, 43
Let n = -341 + 3317. List the prime factors of n.
2, 3, 31
Let u be (-33)/(-5) + (-8)/(-20). Suppose u*h - 72 = 5*h. Let k = 74 - h. List the prime factors of k.
2, 19
Let q(s) = 37*s + 64. What are the prime factors of q(19)?
13, 59
Suppose 2 = -3*i + 23. Suppose -3*j = -9*w + i*w - 484, -2*j + 340 = 3*w. List the prime factors of j.
2, 41
Let s be 1/(-5) + 152/(-40). Let n be (-2*22/s)/1. Let i(d) = -d**2 + 15*d + 4. What are the prime factors of i(n)?
2, 3
Let g = -39 + 138. Let c = g - 67. List the prime fac